{"id":437,"date":"2025-07-08T11:39:44","date_gmt":"2025-07-08T09:39:44","guid":{"rendered":"https:\/\/groupace.fr\/new\/?page_id=437"},"modified":"2025-07-08T11:39:44","modified_gmt":"2025-07-08T09:39:44","slug":"mentions-legales","status":"publish","type":"page","link":"https:\/\/groupace.fr\/new\/mentions-legales\/","title":{"rendered":"Mentions l\u00e9gales"},"content":{"rendered":"\n<p>Retrouvez ci-dessous les mentions l\u00e9gales et les conditions d\u2019utilisation du site https:\/\/www.groupace.fr\/<\/p>\n\n\n\n<p><strong>Directrice de la publication<\/strong><br>Marjorie Ottermann<\/p>\n\n\n\n<p><strong>\u00c9diteur<\/strong><br>Group ACE<br>15 rue Jean-Mermoz \u2013 BP 5<\/p>\n\n\n\n<p>68127 Sainte-Croix-en-Plaine<\/p>\n\n\n\n<p>03 89 20 27 00<\/p>\n\n\n\n<p><a href=\"mailto:contact@groupace.fr\">contact@groupace.fr<\/a><\/p>\n\n\n\n<p>Soci\u00e9t\u00e9 par actions simplifi\u00e9e<br>RCS Colmar : 2018 B 839676657<br>SIRET : 83967665700019<br>Code APE : 7022Z : Conseil pour les affaires et autres conseils de gestion<br>Identification intracommunautaire : FR26839676657<br>Capital social : 30 000 \u20ac<\/p>\n\n\n\n<p><strong>D\u00e9veloppement, int\u00e9gration, h\u00e9bergement<\/strong><br>Le site www.bulleandco.fr a \u00e9t\u00e9 cr\u00e9\u00e9, d\u00e9velopp\u00e9 et int\u00e9gr\u00e9 par l\u2019agence de communication et de publicit\u00e9 Bulle &amp; Co\u2019<br>Bulle &amp; Co\u2019<br>ZA du Muehlbach \u2013 13 rue des Artisans \u2013 68750 Bergheim<br>T\u00e9l. 03 89 47 26 47<br>Mail. <a href=\"mailto:info@bulleandco.fr\">info@bulleandco.fr<\/a><\/p>\n\n\n\n<p><strong>H\u00e9bergement du site<\/strong><br>Ionos SARL<br>7, place de la Gare<br>BP 70 109<br>57201 SARREGUEMINES CEDEX<\/p>\n\n\n\n<p><strong>Conditions d\u2019utilisation<br><\/strong>Toutes informations figurant sur ce site sont purement indicatives et ne sauraient engager la responsabilit\u00e9 de l\u2019\u00e9diteur.<br>Ces informations, qui ne pr\u00e9tendent pas \u00e0 l\u2019exhaustivit\u00e9, ne sauraient valoir conseil, de quelque nature que ce soit. Ces informations sont susceptibles de modifications \u00e0 tout moment et sans pr\u00e9avis. L\u2019Utilisateur garantit qu\u2019il n\u2019utilisera pas le site \u00e0 des fins illicites ou immorales ou contraire \u00e0 leur utilisation initiale.<br>Les \u00e9quipements (ordinateurs, t\u00e9l\u00e9phone, moyens de t\u00e9l\u00e9communication\u2026) permettant l\u2019acc\u00e8s au site sont \u00e0 la charge exclusive des Utilisateurs, de m\u00eame que les frais de t\u00e9l\u00e9communications induits par leur utilisation.<\/p>\n\n\n\n<p><strong>Propri\u00e9t\u00e9 intellectuelle<br><\/strong>La reproduction ou repr\u00e9sentation, int\u00e9grale ou partielle, des pages, des donn\u00e9es et de toute autre \u00e9l\u00e9ment constitutif au site, par quelque proc\u00e9d\u00e9 ou support que ce soit, est interdite et constitue sans autorisation expresse et pr\u00e9alable de l\u2019\u00e9diteur une contrefa\u00e7on sanctionn\u00e9e par les articles L335-2 et suivants du Code de Propri\u00e9t\u00e9 Intellectuelle.<\/p>\n\n\n\n<p>Toute utilisation du contenu et de site \u00e0 des fins ill\u00e9gales fera l\u2019objet de poursuites judiciaires \u00e0 l\u2019\u00e9gard des contrevenants.<\/p>\n\n\n\n<p><strong>Traitement des donn\u00e9es personnelles<br><\/strong>En conformit\u00e9 avec les dispositions de la loi du 6 janvier 1978 relative \u00e0 l\u2019informatique, aux fichiers et aux libert\u00e9s, vous disposez d\u2019un droit d\u2019acc\u00e8s et de rectification portant sur les donn\u00e9es vous concernant en \u00e9crivant au si\u00e8ge social. Les donn\u00e9es personnelles recueillies sur le site <a href=\"https:\/\/www.groupace.fr\/\">https:\/\/www.groupace.fr\/<\/a> ne font pas l\u2019objet de traitements automatis\u00e9s. Il s\u2019agit de la r\u00e9cup\u00e9ration des donn\u00e9es via le formulaire de contact.<\/p>\n\n\n\n<p>LIEN VERS POL CONF<\/p>\n\n\n\n<p><strong>Responsabilit\u00e9<br><\/strong>Le Group ACE met tout en \u0153uvre pour offrir aux utilisateurs\/activateurs des informations et\/ou des outils disponibles et mis \u00e0 jour. Pour autant, elle ne saurait \u00eatre tenue responsable en cas d\u2019erreurs, d\u2019absence de disponibilit\u00e9 des fonctionnalit\u00e9s et\/ou de la pr\u00e9sence de virus sur le site.<\/p>\n\n\n\n<p>Le Group ACE ne saurait garantir l\u2019exactitude, la compl\u00e9tude, l\u2019actualit\u00e9 et l\u2019exhaustivit\u00e9 des informations diffus\u00e9es sur le site et ne saurait \u00eatre engag\u00e9e en cas de force majeure.<\/p>\n\n\n\n<p><strong>Signaler une erreur<\/strong><br>L\u2019\u00e9quipe \u00e9ditoriale du site Internet du Group ACE tente par tous les moyens de diffuser une information valide, de garder celle-ci \u00e0 jour et de s\u2019assurer de la qualit\u00e9 du contenu. Si un contenu n\u2019est plus appropri\u00e9 ou d\u00e9range une soci\u00e9t\u00e9, nous vous invitons \u00e0 nous signaler le probl\u00e8me via la page contact. Le contenu sera modifi\u00e9\/corrig\u00e9 dans un d\u00e9lai de 48h00.<\/p>\n","protected":false},"excerpt":{"rendered":"<p>Retrouvez ci-dessous les mentions l\u00e9gales et les conditions d\u2019utilisation du site https:\/\/www.groupace.fr\/ Directrice de la publicationMarjorie Ottermann \u00c9diteurGroup ACE15 rue Jean-Mermoz \u2013 BP 5 68127 Sainte-Croix-en-Plaine 03 89 20 27 00 contact@groupace.fr Soci\u00e9t\u00e9 par actions simplifi\u00e9eRCS Colmar : 2018 B 839676657SIRET : 83967665700019Code APE : 7022Z : Conseil pour les affaires et autres conseils de [&hellip;]<\/p>\n","protected":false},"author":1,"featured_media":0,"parent":0,"menu_order":0,"comment_status":"closed","ping_status":"closed","template":"","meta":{"inline_featured_image":false,"footnotes":""},"class_list":["post-437","page","type-page","status-publish","hentry"],"_links":{"self":[{"href":"https:\/\/groupace.fr\/new\/wp-json\/wp\/v2\/pages\/437","targetHints":{"allow":["GET"]}}],"collection":[{"href":"https:\/\/groupace.fr\/new\/wp-json\/wp\/v2\/pages"}],"about":[{"href":"https:\/\/groupace.fr\/new\/wp-json\/wp\/v2\/types\/page"}],"author":[{"embeddable":true,"href":"https:\/\/groupace.fr\/new\/wp-json\/wp\/v2\/users\/1"}],"replies":[{"embeddable":true,"href":"https:\/\/groupace.fr\/new\/wp-json\/wp\/v2\/comments?post=437"}],"version-history":[{"count":1,"href":"https:\/\/groupace.fr\/new\/wp-json\/wp\/v2\/pages\/437\/revisions"}],"predecessor-version":[{"id":438,"href":"https:\/\/groupace.fr\/new\/wp-json\/wp\/v2\/pages\/437\/revisions\/438"}],"wp:attachment":[{"href":"https:\/\/groupace.fr\/new\/wp-json\/wp\/v2\/media?parent=437"}],"curies":[{"name":"wp","href":"https:\/\/api.w.org\/{rel}","templated":true}]}}